e 2*z + 4*n - 10 = 44, -3*n = -3*z + 54. Suppose z*a + 109 - 25 = 0. Let h(b) = b**3 + 5*b**2 + 5. Give h(a).
21
Let x(u) = 28482*u - 9484*u - 9455*u + 107 - 9493*u. What is x(-2)?
7
Let v(d) be the third derivative of d**6/120 - 3*d**5/20 - 3*d**4/8 - d**3 - 2400*d**2. Give v(10).
4
Let c(f) = -8*f**2 + f. Let y be 1/2 - (-1)/2*-29. Let d be ((y/(-5))/((-2)/30))/(-2). Let r be 1/8 - d/(-24). What is c(r)?
-7
Let g(t) be the first derivative of 2*t**3 + 27*t**2/2 + 14*t + 738. Determine g(-5).
29
Let w(s) = -s**3 - 6*s**2. Let j be (-58)/10 + (-45)/225. What is w(j)?
0
Let q = -3132 + 3152. Let l(j) = -j**2 + 23*j - 71. Give l(q).
-11
Let v(j) be the third derivative of -j**4/8 + j**3/3 + 10*j**2. Suppose 0 = 3*p - 5 + 35. Let s be (-2 - 1)/(p + 9). Calculate v(s).
-7
Suppose 2*j - q = -14, -5*j - 2*q - 210 = -211. Let d(w) = w**2 + 9*w + 17. Determine d(j).
-1
Let w(s) = 3*s + 1. Suppose 3*f + 1209 = 4*n, -2*n + 5*f = 3*n - 1515. Suppose 4*l + 4 = -n. Let o = l + 70. Determine w(o).
-17
Let s(g) = -3*g**3 + 45*g**2 + 3*g - 5. Let p(w) = w**3 - 12*w**2 + 1. Let l(b) = -4*p(b) - s(b). Calculate l(1).
0
Let z = -13 + 10. Let c be z*(-15)/(-18)*-2. Suppose c*h + h = -24. Let y(o) = o. Calculate y(h).
-4
Let d = 2 + 1. Let n(y) = 19*y - 338. Let t be n(18). Let x(a) = -9*a**d + t*a**3 + 4*a**3 + 4*a**2 + 0*a**3 - 1 + 4*a. Give x(5).
-6
Let z(s) = s**2 - 14*s - 5. Let l = -19808 - -19826. Give z(l).
67
Let f(u) = -5*u + 142. Let g = 3004 + -2972. What is f(g)?
-18
Let s(g) = 310*g + 291. Let m(h) = 436*h + 436. Let o(c) = -5*m(c) + 7*s(c). Give o(-14).
-3
Let j(t) = 5*t**2 + 4*t + 5. Let k(x) = 9*x**2 + 9*x + 11. Let c(n) = 7*j(n) - 4*k(n). Determine c(-3).
6
Let j(k) = k**2 - 8*k + 2. Let r = 433 + -91. Suppose -2*f - 7*f - r = 0. Let v = f - -46. Give j(v).
2
Let f = -34871/6 - -5812. Let c(p) be the third derivative of 17/60*p**5 + f*p**3 + 0*p + 0 - 1/12*p**4 + 19*p**2. Calculate c(1).
16
Let j(i) = i**3 - 6*i + 6. Let f be j(2). Let c(v) = -13*v**3 - 4*v**2 + 3*v - 1. Determine c(f).
-115
Let a(j) = 15*j + 14. Suppose 2*w + 6 = 5*u - 20, -3*w = 2*u + 1. What is a(u)?
74
Suppose 0 = 2*v, -2*v - 14 = -5*l + 11. Suppose l*b - 20*b = 30. Let f(y) = -4 + 5*y - 4*y + 3. Give f(b).
-3
Let i(a) be the first derivative of -a**2 - 17*a + 882. Determine i(5).
-27
Let i be (-1 + 4)*12*(-1)/(-9). Suppose 45 = -5*t + 3*y, i*y - 16 = 4*t + 28. Let h(r) = -2*r**2 - 11*r - 13. Calculate h(t).
-19
Let m(l) = -4*l**2 - 133 + 2*l**3 - 122 - 2*l + 257 + 7*l**3. Give m(-2).
-82
Let v(w) = 2*w. Let u(f) = f**2 + 10*f + 21. Let l be u(-12). Let b = l - 46. Give v(b).
-2
Let p(t) be the second derivative of t**7/280 - t**6/720 + t**4/4 - 7*t**2 - 6*t - 8. Let q(h) be the third derivative of p(h). Calculate q(1).
8
Let h(x) = 13*x**3 - 44*x**2 + 179*x + 35. Let i(y) = -3*y**3 - y**2 - y - 1. Let l(j) = h(j) + 4*i(j). Give l(44).
-13
Let f(v) = 11*v**3 - v**2 - 2*v - 1. Let h be 7 + ((-11)/(-44) - (-22)/8). Suppose 0 = r + 9*r + h. What is f(r)?
-11
Let c(x) be the first derivative of x**5/60 - 13*x**4/24 + 8*x**3/3 + 93*x**2/2 + 93. Let n(r) be the second derivative of c(r). Determine n(11).
-6
Let w(c) = -2*c + 6. Let m be 120/20*(-10)/(-12). Suppose 3*a + m*j = -0*a + 18, -5*j - 6 = -a. Calculate w(a).
-6
Let i(u) = -3*u - 3. Let a(k) = 4*k + 4. Let n(s) = -4*a(s) - 5*i(s). Let h be 1666/(-34) + 39 + 10/(0 + 2). Calculate n(h).
4
Let j(q) = -3 - 3 + 85*q + 1 - 176*q + 113*q. Calculate j(-2).
-49
Let q be (-3 - -13)*(-2 + 6 + -3). Let r = q + -6. Suppose -3*f - r = 11. Let k(z) = -z**3 - 5*z**2 - 4*z - 3. Give k(f).
17
Let u(i) = -53 - 4*i - 51 + 152 - 56. Let r be u(-1). Let p(x) = x**3 - 3 - 2*x + 0 + 1 + 3*x**2. Determine p(r).
-10
Let y(m) = m**2 + 13*m + 4. Let r be y(-13). Let p = -9 + r. Let j be (-3 - 9/p)*5. Let z(w) = 3*w + 4. Calculate z(j).
-14
Suppose -195*f - 151 + 3076 = 0. Let i(q) = -5*q - 17. Give i(f).
-92
Let r(m) = -3 - m - m + 4 - 2*m + 3*m. Let h = -8 + 11. Let i(f) = -f**3 + 4*f**2 - 3*f + 2. Let s be i(h). Calculate r(s).
-1
Let u(v) = 30*v - 7. Let d = -1616 - -1618. Calculate u(d).
53
Let l(y) = 23*y**3 + y**2. Let w be l(1). Suppose -8*p + 24 = -0*p. Let r(m) = -19*m**3 + 23*m - m**2 + 0*m**p - w*m + 1. What is r(1)?
-20
Suppose 3*n + 126 = n. Let h = n - -150. Let x = 78 - h. Let t(u) = -u**2 - 10*u - 9. Determine t(x).
0
Let a be (-4)/16 + 3/(-8)*26. Let l(t) = -4*t - 2. What is l(a)?
38
Suppose 0 = c - 5*d - 28 - 1, 0 = 5*c - 2*d - 30. Let o(q) = -3*q + 14. Let h(l) = -3*l + 14. Let u(y) = -6*h(y) + 5*o(y). Give u(c).
-2
Let y(t) = -2*t + 6. Let d(h) = 9*h + 2 - 15*h**2 - 10*h**2 + 26*h**2. Let w be d(-5). Let p(g) = g + 24. Let c be p(w). Determine y(c).
-6
Let l(m) be the third derivative of 0 + 1/60*m**5 - 35*m**2 + 0*m - 7/6*m**3 - 5/24*m**4. What is l(5)?
-7
Let q(w) be the first derivative of -1/2*w**2 + 46 + 14*w. Give q(0).
14
Let a(z) = -z**2 + 2*z + 6. Suppose -23*q = -76*q + 265. Suppose -12*s + 7*s + q*v = 45, -11 = 4*s + v. Determine a(s).
-18
Let j(l) = -l**3 - 12*l**2 + 32*l + 47. Let u = 26420 - 26434. What is j(u)?
-9
Let o(p) be the second derivative of -p**4/4 - 2*p - 400. Calculate o(2).
-12
Let d(n) = n**2 + 12*n - 4. Let q be (-42)/9*(-66)/77. Suppose -l + 4*p - 30 = 0, 0 = q*l - 0*p + p + 35. Give d(l).
-24
Let h = -4009 - -4008. Let t(k) = 6*k - 2. Determine t(h).
-8
Let w = 3 - -34. Let p(l) = 2 + w - 28 - l. Give p(8).
3
Suppose 63 = k + 6*k. Let v(y) = y - k*y**3 + 1 - y**2 - 4*y**3 + 22*y**3 - 7*y**3. Calculate v(2).
15
Let i(t) = -5*t - 8. Let w be i(-2). Let s be ((-60)/(-24))/(w/(-4)). Let b(v) be the first derivative of -v**3/3 - v**2 - 4*v - 1. What is b(s)?
-19
Let d(z) = -z**3 - 7*z**2 - 6*z + 3. Let n be 4/(-3)*((11 - 7) + -22). Suppose 5*x = -49 + n. Give d(x).
-17
Let c be -14*(-21)/(-56)*-4. Let i(k) = -c + 5*k + 24 + 14*k**2 - 7*k**2 + k**3. Give i(-6).
9
Let p(j) be the second derivative of j**3/2 - j**2/2 - 8*j + 111. Determine p(5).
14
Let o = 38 + -49. Let p(u) = -u**2 - 11*u + 6. Let s be p(o). Suppose i + 5*b - 12 = 0, 5*i - 6*i - 3*b + s = 0. Let h(n) = 5*n. Calculate h(i).
-15
Let k(a) = -4*a**2 - 38*a + 65. Let q be -14 + (-1840)/(-128) + (364/(-32) - 0). Give k(q).
-1
Let o(z) = -147*z + 74*z - 50 + 29*z**2 - 16 + 75*z - z**3. Calculate o(29).
-8
Let m(n) = -2*n**2 + 4*n - 3. Let k(f) = 3*f**2 - 6*f + 2. Let l(o) = -3*k(o) - 4*m(o). Let z(r) = -2*r**2 + 3*r + 7. Let b(h) = -3*l(h) + 2*z(h). Give b(0).
-4
Let r(f) = f**2 + 6*f + 3. Suppose 39*g - 44*g + 21310 = 0. Let o(l) = 11 + 13*l**2 - 26 - 4241*l + g*l + l**3. Let k be o(-11). Calculate r(k).
-5
Let x = 882 + -872. Let h(q) = -q - 1. Let i(n) = -5*n. Let z(j) = 6*h(j) - i(j). Calculate z(x).
-16
Let l(j) be the first derivative of 2*j**3/3 + 5*j**2/2 - 14*j - 7253. Calculate l(-5).
11
Let g = 22 + -7. Suppose -17*v = -g*v - 140. Let d = 77 - v. Let k(t) = t**3 - 6*t**2 - 7*t + 2. Calculate k(d).
2
Let x(o) be the first derivative of o**4/4 + 20*o**3/3 + 38*o**2 - 4*o + 5844. Give x(-15).
-19
Let u(v) be the third derivative of -v**9/60480 + v**8/1344 + v**6/80 - 33*v**5/20 + 2*v**2 - 3. Let f(d) be the third derivative of u(d). Determine f(15).
9
Let q(t) = 18*t**2 + 98*t - 100. Let s be q(1). Let g(x) = -x**3 + 18*x**2 - 35*x + 10. What is g(s)?
-38
Let o(x) = -2*x**2 - 18*x + 32. Let k(n) = n**3 - 9*n**2 - 46*n - 88. Let g be k(13). Give o(g).
12
Let s(t) = -t**2 - 11*t + 12. Suppose 0 = -2*r - d + 33 + 5, -4*d = 0. Suppose 47 + r = -6*q. Determine s(q).
12
Let n = 2329 + -2341. Let z(m) = -m**3 - 12*m**2 + 2. Calculate z(n).
2
Let h(w) = -1 + 4*w + 2*w + w. Let p(g) = -11*g + 43. Let f(j) = 5*j - 19. Let o(q) = 9*f(q) + 4*p(q). Let k(n) = h(n) - 6*o(n). Give k(6).
-1
Let x be ((-2)/3)/((28/(-24))/7). Suppose -28 = -x*q + 8*q. Let j(l) = 9*l**2 - 11*l. Let a(t) = 5*t**2 - 5*t. Let r(z) = q*a(z) + 4*j(z). Determine r(5).
-20
Let j(r) = r**3 - 7*r**2 - 6*r - 2. Let k be j(8). Let m(l) = k - 38 + l - 2*l + 19. Determine m(-3).
-2
Let m(c) = -2*c - 4. Let n = 6650 + -6652. Calculate m(n).
0
Let x(l) = -14*l**2 + 15*l - 31. Let q(t) = -5*t**2 + 5*t - 11. Let p(c) = -11*q(c) + 4*x(c). Let k(h) = 2*h**2 + 47*h + 71. Let s be k(-22). Give p(s).
-3
Let w(s) = -12*s - 45. Let p be w(-6). Suppose 9*o - p - 36 = 0. Let l(r) = -6 + r - 4 + 